 d(f).
9
Let c(r) = 5*r - 5. Let w(k) = -7 - 239*k + 481*k - 238*k. Let n(t) = -5*c(t) + 6*w(t). What is n(-20)?
3
Let u(j) = 238*j + 1184. Let w be u(-5). Let i(g) be the third derivative of 5/6*g**3 + 0 + 1/24*g**4 - 8*g**2 + 0*g. Give i(w).
-1
Suppose -8*g + 1050 - 1993 = -1023. Let s(q) = -q**2 + 7*q - 29. Determine s(g).
-59
Let y be 35/30*(-26)/(-182). Let t(r) be the third derivative of 1/60*r**5 + y*r**3 - 6*r**2 + 0 + 0*r - 1/8*r**4. What is t(4)?
5
Let v(g) be the third derivative of g**5/30 + 35*g**4/24 - 5*g**3/2 + 14*g**2 + 6. What is v(-17)?
-32
Let i be (-4)/(-14) + (-80)/(-14). Suppose 4 = 4*u, 2*u - 5 - 1 = -2*h. Let x(t) = -58*t**h + 5 - 4*t + 2*t + t**3 + 8*t + 51*t**2. Determine x(i).
5
Let o(i) = -51 + 8*i - 45 + 93 + 5*i**2 - i**3. Calculate o(5).
37
Let w(b) = -4*b**3 + 4*b**2 - 7*b + 4. Let c(j) be the first derivative of -3*j**4/4 + j**3 - 5*j**2/2 + 3*j - 107. Let m(u) = 7*c(u) - 5*w(u). Determine m(2).
-3
Let g be 2/(-5) - 26/10. Let q(c) be the second derivative of c**4/24 - 2*c**3/3 - 41*c**2/2 + 69*c. Let x(l) be the first derivative of q(l). Give x(g).
-7
Let q(p) = p**2 + 10*p + 7. Let i be q(6). Let d = i + -169. Let u be (-12)/d + 4 + (-2)/11. Let c(n) = -2*n + 1. Calculate c(u).
-7
Let l(g) = -2*g**2 - 19*g + 11. Suppose 0 = -z + 4*z - 4*u + 26, z - 2*u = -8. Let r be l(z). Let m(n) = -29*n - 1. Give m(r).
-30
Let i(d) = 4*d + 4. Let k be (-1 + (15 - 11))*1. Calculate i(k).
16
Let b(x) = -2 + 6 + 18*x + 33 - 13 - 5. Determine b(-1).
1
Let q(o) = -o**3 + o**2 - o + 4. Let m(l) = 3*l**2 + 67*l + 37. Let a be m(-22). Suppose 0 = 3*y - 4*y + 18. Suppose -a*x = -9*x - y. What is q(x)?
-17
Let w(g) = -480*g + 2891. Let f be w(6). Let q(h) = 15*h - 160. Calculate q(f).
5
Suppose -k - 10 = -21. Suppose -23 = -4*c - 5*a, c + 5*a - k = 2*a. Let q(w) = 5*w + w**3 - c*w**3 + 12 + 2*w**3 - 10*w**2 + 2*w. What is q(9)?
-6
Let p(y) = 3*y + 52. Let j be p(-18). Let g be (-5 + 35/21)/(j/(-3)). Let z(k) = k**2 + 8*k + 12. Calculate z(g).
-3
Suppose 2*w + 12 + 1 = -k, -4*w = 5*k + 41. Let l(n) = 6*n**2 + 9*n - 1. Let z(p) = 5*p**2 + 8*p - 1. Let v(a) = -4*l(a) + 5*z(a). Determine v(k).
4
Let y(l) = 4*l**2 + l + 1. Let k be y(-1). Suppose -5*g = -3*s + 6, 4*g - 2*g - 10 = -5*s. Let c(b) = -74 - b**3 + 76 + g*b**2 + 4*b**2. Give c(k).
2
Let r(t) = 2*t - 23. Let q(k) = -k**3 + 3*k**2 + 23*k - 13. Let a be q(-4). Give r(a).
-9
Let m be (-69)/483 + 50/7. Let k(j) = j**2 - 4*j. Let w be k(4). Let x(r) = -3 + w + 0 + r. Determine x(m).
4
Suppose f = -j - 2, -f = -4*f + 3*j + 24. Let t(b) = 140*b**2 + f + 4*b - 5*b - 141*b**2. What is t(-4)?
-9
Let a = -355 - -566. Let s(k) = -5 - a*k + 64*k - 6 + 74*k + 74*k. Calculate s(-11).
-22
Let o = 1030 - 648. Let f = o + -375. Let v(u) = -u**2 + 6*u + 5. Determine v(f).
-2
Let m be (29 + -16)*(-6)/6 - -7. Suppose d = -d + 8, 2*w - 5*d + 16 = 0. Let z(n) = -n**2 + 0*n - 8*n - w + 2*n. Calculate z(m).
-2
Let n = 29486 - 147429/5. Let t(m) be the third derivative of n*m**5 + 35*m**2 - 1/6*m**3 + 0 + 0*m + 1/24*m**4. Give t(1).
12
Let q(f) = -14*f**3 + 19*f**2 + 53*f + 11. Let p(y) = -3*y**3 + 5*y**2 + 13*y + 3. Let u(b) = -9*p(b) + 2*q(b). Calculate u(-5).
0
Let z(h) = 3*h**2 + 80*h - 70. Let j(i) = 19*i**2 + 493*i - 420. Let o(u) = -4*j(u) + 25*z(u). Give o(25).
5
Let l(x) = -x**3 + 6*x**2 + 19*x. Let b(r) = -144*r - 567. Let k be b(-4). Give l(k).
-72
Suppose -24*j = 11*j - 11480. Let l = j - 322. Let k(n) be the first derivative of -n**4/4 + 7*n**3/3 - 7*n**2/2 + 3*n - 2. Give k(l).
-3
Suppose 0 = 3*o, -3*s = -s + 5*o + 16. Let q(r) = -299*r**3 - 300*r**3 - 559 - 7*r**2 + 598*r**3 + 571 + 11*r. Calculate q(s).
-12
Suppose 8 = -25*s + 27*s, 0 = v + 2*s - 12. Let z(l) be the third derivative of 0 + 2/3*l**3 + 0*l + 1/24*l**v + 2*l**2. Give z(-5).
-1
Let v = 185 - 185. Suppose v = -2*j - 4*q + 10, -15 + 10 = -j + 5*q. Let l(w) = -w**3 + 3*w**2 + 4*w + 2. Give l(j).
-28
Let p = -2674 - -2680. Let j(l) be the third derivative of 13*l**2 - 1/120*l**p + 1/8*l**4 + 0 + 0*l - 1/2*l**3 - 1/12*l**5. Give j(-6).
15
Let i(s) = s**2 - 8*s + 24. Let q = 3786 + -3782. What is i(q)?
8
Suppose 7 = 2*r + 5*r. Let u(m) = 99*m - 3 - 2 - 95*m - r. Calculate u(6).
18
Let i(l) be the third derivative of -60*l - 7/6*l**3 + 1/120*l**6 + l**2 + 0 + 0*l**4 - 1/60*l**5. Give i(0).
-7
Let v(z) = -8*z**3 + 7*z**3 + 3 - 148*z + 145*z - 15*z**2 + 25*z**2 - 19. Calculate v(9).
38
Let c(o) = -10*o**3 - 39*o**2 + 4*o - 16. Let y(w) = -7*w**3 - 27*w**2 + 3*w - 11. Let p(g) = -5*c(g) + 7*y(g). What is p(-4)?
31
Suppose 5*v + 3*y = 10, y + 10 = -y. Suppose 4*l = -2*u - 20, -v*u = l - 2 + 7. Let d(s) = s**2 - 164*s - 166*s + 329*s - 7. Calculate d(u).
-7
Suppose 4064 = 9*c - 319. Suppose 5*r - z + c = -0*z, -2*z + 288 = -3*r. Let v = 95 + r. Let s(i) = 4*i + 3. Calculate s(v).
-9
Let p(t) = 7*t - 1. Suppose -3 = s, 4*s = 3*o + 9*s + 96. Let d = -29 - o. Calculate p(d).
-15
Let y be (270/(-70) + 9)/(3/14). Let c(w) = -26*w - y*w - 17 + 40*w - w**2. Calculate c(-7).
4
Let z(c) be the third derivative of -c**4/8 + 2*c**3/3 + 15*c**2 - 28. What is z(-10)?
34
Let l(x) = -x + 9. Suppose 0 = 4*g + 2*t + 2, -3*g = -2*t + 24 - 5. Determine l(g).
12
Let s(t) = t**2 - 14*t + 10. Let w = 317 - 91. Let f = -212 + w. What is s(f)?
10
Let o(k) = 49*k - 2. Let z be 11/((-1089)/90) + (-1)/11. Determine o(z).
-51
Let n(h) = h**2 - 159*h + 3266. Let w be n(24). Let a(r) be the first derivative of -r**2 + 1/3*r**3 - w - r. What is a(4)?
7
Let l = 60 - 40. Suppose -4*s = l, -r - 5*s = -s - 2. Let g(u) = -u**2 + u - r - 29 + 49. Determine g(2).
-4
Suppose 0 = w + 3*r - 13, -3*w - 6*r + 9*r + 27 = 0. Suppose 4*y - 3*o = -15, 11*y - w*y + 6 = 3*o. Let p(h) = h**2 + 3*h - 3. Give p(y).
-3
Let i(h) = 2*h - 5. Let z(o) = -9*o - 150. Let l be z(-16). Let a be (10/l)/(30/(-54)). Give i(a).
1
Suppose 4*a - 5*w = -6 + 1, -4*a = 3*w + 29. Let n be a*(-4 - -2)*(-13)/(-26). Let o(t) = -t. Determine o(n).
-5
Let m(g) be the third derivative of g**6/24 - g**5/30 - g**4/6 - g**3/2 - 1568*g**2. Give m(-1).
-6
Let z(i) = i + 40. Suppose 80 = -4*y + 4*k, 9 + 41 = -5*y - 5*k. What is z(y)?
25
Let y(r) = 3*r + 1. Let b be y(1). Let m(q) = 0*q - q**2 - q**2 - b*q + 3*q**2 + 6. What is m(4)?
6
Let u(i) = 27 - 4 + 8*i - 54 - 189 + 37*i. What is u(5)?
5
Let q(o) be the third derivative of -o**5/60 + o**4/2 - 23*o**3/6 + 871*o**2. Give q(9).
4
Let l(f) = f**2 - 8*f + 9. Let q(s) = -6*s - 41. Suppose -4*a + p + 4 = 0, -10 = 3*a - 4*p - 0. Suppose a*x + 4 = -12. Let m be q(x). Calculate l(m).
2
Let t be ((-6)/(-120)*5)/((-9)/36). Let v(g) = 17*g**2 - 2*g - 3. What is v(t)?
16
Let t(l) = -l**3 + 6*l**2 - 5. Suppose 1105 = 8*y - 143. Let x = -150 + y. Calculate t(x).
-5
Let a(w) be the first derivative of 2*w**2 - 22*w + 8656. Give a(-15).
-82
Let m(q) be the second derivative of q**7/252 - q**6/240 + q**5/120 - 11*q**4/4 - 6*q - 1. Let l(h) be the third derivative of m(h). Give l(2).
35
Suppose -19*c - 15*c = -14654. Let f = c + -430. Let i(m) = -6*m. Give i(f).
-6
Let f be 93 + 1 - (-8)/(-16)*0. Let i(u) = 281 - 95 + u**3 - 98 + 10*u - 10*u**2 - f. Determine i(9).
3
Let s(t) = -t**2 + 3. Suppose 74*k - 72*k - 30 = 0. Suppose 14*j + k = 19*j. Calculate s(j).
-6
Let i(m) = 4*m**2 - 17*m - 4. Let b = 2408 - 2403. Determine i(b).
11
Let w(k) = k**3 - 19*k**2 + 35*k - 24. Suppose -159*o + 3366 = 55*o - 272. What is w(o)?
-7
Let k(i) be the second derivative of 5*i**3/6 - 3*i**2/2 - 2*i. Let m(j) = -177*j - 5130. Let u be m(-29). What is k(u)?
12
Let t(q) be the second derivative of q**4/12 + 17*q**3/6 + 7*q**2 - q - 4. What is t(-6)?
-52
Let q(j) = 15*j - 30. Let v(i) = -3*i + 6. Let u = -15 - -15. Suppose u = 10*f - 7*f - 6. Let y(m) = f*q(m) + 11*v(m). What is y(4)?
-6
Let p(r) = -r**3 + r**2 - r - 1. Let s(m) = 2*m**2 - 2*m - 2. Let g(b) = 3*p(b) - s(b). Let t(q) = 9 + 3*q + 2*q - 10*q + 3*q. Let x be t(5). Calculate g(x).
4
Let j(q) = -16*q**3 - 42*q**2 + 13*q - 3. Let a(y) = -5*y**3 - 12*y**2 + 4*y. Let z(t) = 13*a(t) - 4*j(t). Determine z(12).
12
Let o(y) be the second derivative of y**4/12 + 11*y**3/3 - 18*y**2 + 175*y - 2. Give o(-25).
39
Let f be (-168)/112 - (-60)/8. Let w(v) = -7*v - 10. Determine w(f).
-52
Suppose 4*i - 8*i = -n - 13, 2*i - 2*n = 14. Let o(j) = -2*j + 